{"id":59,"date":"2020-07-15T12:21:52","date_gmt":"2020-07-15T12:21:52","guid":{"rendered":"http:\/\/www.valiplus.de\/?page_id=59"},"modified":"2026-04-12T18:29:11","modified_gmt":"2026-04-12T16:29:11","slug":"home","status":"publish","type":"page","link":"https:\/\/www.valiplus.de\/","title":{"rendered":"HOME"},"content":{"rendered":"\n<p><strong><span style=\"background-color:rgba(0, 0, 0, 0)\" class=\"has-inline-color has-vivid-cyan-blue-color\">NEU<\/span><\/strong>: Qualifizierte Validierung des MELAG Careclave <\/p>\n\n\n\n<p><\/p>\n\n\n\n<p> <span class=\"has-inline-color has-vivid-cyan-blue-color\"><strong>Validierung in der Praxis f\u00fcr die Praxis: <\/strong><\/span>Schnell, einfach &amp; qualifiziert.<\/p>\n\n\n\n<p>Bester Service mit wenig Beeintr\u00e4chtigung des Praxisbetriebs &#8211; wir ber\u00fccksichtigen Ihren Alltag und arbeiten konsequent und im Hintergrund.<\/p>\n\n\n\n<p> <strong><span class=\"has-inline-color has-vivid-cyan-blue-color\">NEU<\/span><\/strong>: <strong><span class=\"has-inline-color has-vivid-cyan-blue-color\">Siegelnahtfestigkeitspr\u00fcfung <\/span><\/strong>nach DIN EN ISO11607-2. Die Siegelnahtfestigkeitspr\u00fcfung zeigt die Qualit\u00e4t der Versiegelung und kann folglich feststellen, ob in Ihrem Prozess das Sterilbarrieresystem grunds\u00e4tzlich funktioniert. Die Siegelnahtfestigkeitspr\u00fcfung ist Pflicht!<\/p>\n\n\n\n<p>VALIPLUS bietet diese Pr\u00fcfung zum <strong><span style=\"background-color:rgba(0, 0, 0, 0)\" class=\"has-inline-color has-vivid-cyan-blue-color\">SONDERPREIS<\/span><\/strong>. nehmen Sie gleich Kontakt auf!<\/p>\n\n\n\n<p><strong>REFERENZEN <\/strong><\/p>\n\n\n\n<p><span style=\"background-color:rgba(0, 0, 0, 0)\" class=\"has-inline-color has-vivid-cyan-blue-color\">Hunderte Validierungen pro Jahr und jahrelange Erfahrung<\/span><\/p>\n\n\n\n<p>VALIPLUS arbeitet bundesweit und markenunabh\u00e4ngig. Wir pr\u00fcfen, beurteilen und validieren die Aufbereitung von Medizinprodukten in der niedergelassenen Praxis:<\/p>\n\n\n\n<ul class=\"wp-block-list\">\n<li><span style=\"background-color:rgba(0, 0, 0, 0)\" class=\"has-inline-color has-black-color\">Zahnarztpraxis<\/span><\/li>\n\n\n\n<li><span style=\"background-color:rgba(0, 0, 0, 0)\" class=\"has-inline-color has-black-color\">HNO<\/span><\/li>\n\n\n\n<li><span style=\"background-color:rgba(0, 0, 0, 0)\" class=\"has-inline-color has-black-color\">Gyn\u00e4kologie<\/span><\/li>\n\n\n\n<li><span style=\"background-color:rgba(0, 0, 0, 0)\" class=\"has-inline-color has-black-color\">Podologie<\/span><\/li>\n\n\n\n<li><span style=\"background-color:rgba(0, 0, 0, 0)\" class=\"has-inline-color has-black-color\">Dermatologie<\/span><\/li>\n\n\n\n<li><span style=\"background-color:rgba(0, 0, 0, 0)\" class=\"has-inline-color has-black-color\">Und viele weitere<\/span><\/li>\n<\/ul>\n\n\n\n<figure class=\"wp-block-image size-large is-style-default\"><img loading=\"lazy\" decoding=\"async\" width=\"798\" height=\"302\" src=\"https:\/\/www.valiplus.de\/wp-content\/uploads\/2021\/01\/diverse.jpg\" alt=\"Auszug Qualifikationen\" class=\"wp-image-243\" srcset=\"https:\/\/www.valiplus.de\/wp-content\/uploads\/2021\/01\/diverse.jpg 798w, https:\/\/www.valiplus.de\/wp-content\/uploads\/2021\/01\/diverse-300x114.jpg 300w, https:\/\/www.valiplus.de\/wp-content\/uploads\/2021\/01\/diverse-768x291.jpg 768w\" sizes=\"auto, (max-width: 798px) 100vw, 798px\" \/><figcaption class=\"wp-element-caption\"><strong>Auszug Qualifikationen nach \u00a75 MPBetreibV<\/strong><\/figcaption><\/figure>\n","protected":false},"excerpt":{"rendered":"<p>NEU: Qualifizierte Validierung des MELAG Careclave Validierung in der Praxis f\u00fcr die Praxis: Schnell, einfach &amp; qualifiziert. Bester Service mit wenig Beeintr\u00e4chtigung des Praxisbetriebs &#8211; wir ber\u00fccksichtigen Ihren Alltag und arbeiten konsequent und im Hintergrund. NEU: Siegelnahtfestigkeitspr\u00fcfung nach DIN EN ISO11607-2. Die Siegelnahtfestigkeitspr\u00fcfung zeigt die Qualit\u00e4t der Versiegelung und kann folglich feststellen, ob in Ihrem&hellip; <br \/> <a class=\"read-more\" href=\"https:\/\/www.valiplus.de\/\">Weiterlesen<\/a><\/p>\n","protected":false},"author":1,"featured_media":0,"parent":0,"menu_order":0,"comment_status":"closed","ping_status":"closed","template":"","meta":{"footnotes":""},"class_list":["post-59","page","type-page","status-publish","hentry"],"_links":{"self":[{"href":"https:\/\/www.valiplus.de\/index.php?rest_route=\/wp\/v2\/pages\/59","targetHints":{"allow":["GET"]}}],"collection":[{"href":"https:\/\/www.valiplus.de\/index.php?rest_route=\/wp\/v2\/pages"}],"about":[{"href":"https:\/\/www.valiplus.de\/index.php?rest_route=\/wp\/v2\/types\/page"}],"author":[{"embeddable":true,"href":"https:\/\/www.valiplus.de\/index.php?rest_route=\/wp\/v2\/users\/1"}],"replies":[{"embeddable":true,"href":"https:\/\/www.valiplus.de\/index.php?rest_route=%2Fwp%2Fv2%2Fcomments&post=59"}],"version-history":[{"count":23,"href":"https:\/\/www.valiplus.de\/index.php?rest_route=\/wp\/v2\/pages\/59\/revisions"}],"predecessor-version":[{"id":289,"href":"https:\/\/www.valiplus.de\/index.php?rest_route=\/wp\/v2\/pages\/59\/revisions\/289"}],"wp:attachment":[{"href":"https:\/\/www.valiplus.de\/index.php?rest_route=%2Fwp%2Fv2%2Fmedia&parent=59"}],"curies":[{"name":"wp","href":"https:\/\/api.w.org\/{rel}","templated":true}]}}